{"id":1091,"date":"2021-04-11T19:27:26","date_gmt":"2021-04-11T19:27:26","guid":{"rendered":"https:\/\/posgradolingylit.uaz.edu.mx\/?page_id=1091"},"modified":"2021-04-11T19:29:35","modified_gmt":"2021-04-11T19:29:35","slug":"movilidad","status":"publish","type":"page","link":"https:\/\/posgradolingylit.uaz.edu.mx\/?page_id=1091","title":{"rendered":"Movilidad"},"content":{"rendered":"\n<p>La Secretar\u00eda Acad\u00e9mica de la Universidad Aut\u00f3noma de Zacatecas, a trav\u00e9s de la Coordinaci\u00f3n de Investigaci\u00f3n y Posgrado, opera el programa de Movilidad e Intercambio Estudiantil, gracias a los convenios que mantiene con universidades de M\u00e9xico y del extranjero. El programa incluye tanto a alumnos de la instituci\u00f3n, en este caso inscritos en la Maestr\u00eda en Competencia Ling\u00fc\u00edstica y Literaria, como a aquellos de otras IES nacionales o del extranjero que cursan unidades de did\u00e1cticas susceptibles de ser convalidadas con las de sus programas de origen o desean realizar estancias cortas de investigaci\u00f3n.<\/p>\n\n\n\n<p>Los alumnos inscritos en la Maestr\u00eda en Competencia Ling\u00fc\u00edstica y Literaria, adem\u00e1s de las posibilidades de movilidad presencial, podr\u00e1n ejercer la modalidad virtual, que tambi\u00e9n se rige por los lineamientos de la Coordinaci\u00f3n de Investigaci\u00f3n y Posgrado. El comit\u00e9 acad\u00e9mico de la Maestr\u00eda en Competencia Ling\u00fc\u00edstica y Literaria se encargar\u00e1 de validar el curso o los cursos (no m\u00e1s de 3) que los estudiantes realicen en otras instituciones, cuyos cr\u00e9ditos corresponder\u00e1n a los de las materias optativas que aparecen en el mapa curricular a partir del segundo semestre.<\/p>\n\n\n\n<p><\/p>\n\n\n\n<p><span style=\"color:#c39f49\" class=\"has-inline-color\"><em>Actividades Acad\u00e9micas complementarias<\/em><\/span><\/p>\n\n\n\n<p>Como parte de las actividades acad\u00e9micas complementarias de la Maestr\u00eda en Competencia Ling\u00fc\u00edstica y Literaria, el estudiante presentar\u00e1 avances semestrales del producto terminal o comunicaci\u00f3n id\u00f3nea de resultados (intervenci\u00f3n educativa, tesis, tesina, memoria de experiencia profesional o art\u00edculos publicados) en el Seminario de Avances de Investigaci\u00f3n organizado por el responsable de programa.<\/p>\n\n\n\n<p>Adem\u00e1s, durante su estancia en el Programa, el estudiante deber\u00e1 participar en el Encuentro de Competencias Ling\u00fc\u00edstica, Literaria y Digital, o su equivalente, organizado por la direcci\u00f3n de la Unidad Acad\u00e9mica de Letras.<\/p>\n\n\n\n<p>Las estancias de investigaci\u00f3n en otras IES nacionales o internacionales estar\u00e1n supervisadas por el tutor\/asesor del alumno y, aunque no tienen car\u00e1cter obligatorio, son altamente recomendables para que el estudiante abra sus horizontes de investigaci\u00f3n, obtenga asesor\u00eda externa y genere productos dignos de publicarse en foros y revistas internacionales de su especialidad.<\/p>\n\n\n\n<p><\/p>\n\n\n\n<p class=\"has-text-align-center\"><em><span style=\"color:#c39f49\" class=\"has-inline-color\">Reglamento Movilidad Estudiantil<\/span><\/em><\/p>\n\n\n\n<div class=\"_df_book df-lite\" id=\"df_1093\"  _slug=\"reglamento-movilidad-estudiantil\" data-title=\"reglamento-movilidad-estudiantil\" wpoptions=\"true\" thumbtype=\"\" ><\/div><script class=\"df-shortcode-script\" type=\"application\/javascript\">window.option_df_1093 = {\"outline\":[],\"autoEnableOutline\":\"false\",\"autoEnableThumbnail\":\"false\",\"overwritePDFOutline\":\"false\",\"direction\":\"1\",\"pageSize\":\"0\",\"source\":\"http:\\\/\\\/posgradolingylit.uaz.edu.mx\\\/wp-content\\\/uploads\\\/2021\\\/04\\\/ReglamentoMovilidadEstudiantil.pdf\",\"wpOptions\":\"true\"}; if(window.DFLIP && window.DFLIP.parseBooks){window.DFLIP.parseBooks();}<\/script>\n","protected":false},"excerpt":{"rendered":"<p>La Secretar\u00eda Acad\u00e9mica de la Universidad Aut\u00f3noma de Zacatecas, a trav\u00e9s de la Coordinaci\u00f3n de Investigaci\u00f3n y Posgrado, opera el programa de Movilidad e Intercambio Estudiantil, gracias a los convenios que mantiene con universidades de M\u00e9xico y del extranjero. El programa incluye tanto a alumnos de la instituci\u00f3n, en este caso inscritos en la Maestr\u00eda &hellip; <\/p>\n<div class=\"link-more\"><a href=\"https:\/\/posgradolingylit.uaz.edu.mx\/?page_id=1091\" class=\"more-link\">Read More<span class=\"screen-reader-text\"> &#8220;Movilidad&#8221;<\/span><\/a><\/div>\n","protected":false},"author":2,"featured_media":0,"parent":0,"menu_order":0,"comment_status":"closed","ping_status":"closed","template":"","meta":{"footnotes":""},"class_list":["post-1091","page","type-page","status-publish","hentry"],"_links":{"self":[{"href":"https:\/\/posgradolingylit.uaz.edu.mx\/index.php?rest_route=\/wp\/v2\/pages\/1091","targetHints":{"allow":["GET"]}}],"collection":[{"href":"https:\/\/posgradolingylit.uaz.edu.mx\/index.php?rest_route=\/wp\/v2\/pages"}],"about":[{"href":"https:\/\/posgradolingylit.uaz.edu.mx\/index.php?rest_route=\/wp\/v2\/types\/page"}],"author":[{"embeddable":true,"href":"https:\/\/posgradolingylit.uaz.edu.mx\/index.php?rest_route=\/wp\/v2\/users\/2"}],"replies":[{"embeddable":true,"href":"https:\/\/posgradolingylit.uaz.edu.mx\/index.php?rest_route=%2Fwp%2Fv2%2Fcomments&post=1091"}],"version-history":[{"count":3,"href":"https:\/\/posgradolingylit.uaz.edu.mx\/index.php?rest_route=\/wp\/v2\/pages\/1091\/revisions"}],"predecessor-version":[{"id":1097,"href":"https:\/\/posgradolingylit.uaz.edu.mx\/index.php?rest_route=\/wp\/v2\/pages\/1091\/revisions\/1097"}],"wp:attachment":[{"href":"https:\/\/posgradolingylit.uaz.edu.mx\/index.php?rest_route=%2Fwp%2Fv2%2Fmedia&parent=1091"}],"curies":[{"name":"wp","href":"https:\/\/api.w.org\/{rel}","templated":true}]}}