{"id":272,"date":"2021-03-25T19:26:38","date_gmt":"2021-03-25T19:26:38","guid":{"rendered":"https:\/\/posgradolingylit.uaz.edu.mx\/?page_id=272"},"modified":"2021-05-07T00:42:00","modified_gmt":"2021-05-07T00:42:00","slug":"perfil-de-egreso","status":"publish","type":"page","link":"https:\/\/posgradolingylit.uaz.edu.mx\/?page_id=272","title":{"rendered":"Perfil de Egreso"},"content":{"rendered":"\t\t<div data-elementor-type=\"wp-page\" data-elementor-id=\"272\" class=\"elementor elementor-272\">\n\t\t\t\t\t\t<section class=\"elementor-section elementor-top-section elementor-element elementor-element-5878a509 elementor-section-boxed elementor-section-height-default elementor-section-height-default\" data-id=\"5878a509\" data-element_type=\"section\">\n\t\t\t\t\t\t<div class=\"elementor-container elementor-column-gap-default\">\n\t\t\t\t\t<div class=\"elementor-column elementor-col-100 elementor-top-column elementor-element elementor-element-273dc2a4\" data-id=\"273dc2a4\" data-element_type=\"column\">\n\t\t\t<div class=\"elementor-widget-wrap elementor-element-populated\">\n\t\t\t\t\t\t<div class=\"elementor-element elementor-element-55038ea5 elementor-widget__width-initial elementor-widget elementor-widget-text-editor\" data-id=\"55038ea5\" data-element_type=\"widget\" data-widget_type=\"text-editor.default\">\n\t\t\t\t<div class=\"elementor-widget-container\">\n\t\t\t\t\t\t\t<p><!-- wp:paragraph --><\/p>\n<p id=\"block-63b4ee26-fa57-4678-9d0c-92fe5bc6000d\" style=\"color: #4b4b4b;\">El egresado de la Maestr\u00eda en Competencia Ling\u00fc\u00edstica y Literaria desarrolla las siguientes competencias:<\/p>\n<p><!-- \/wp:paragraph --><!-- wp:list {\"ordered\":true} --><\/p>\n<ol>\n<li style=\"list-style-type: none;\">\n<ol id=\"block-aa798e90-e7fe-488c-9ca0-6cbfaf1de3cf\" style=\"font-family: 'Avenir Next Condensed', sans-serif; font-size: 15px; color: #4b4b4b;\">\n<li>Aborda la ense\u00f1anza-aprendizaje de la lengua y la literatura desde el pensamiento complejo y multidimensional.<\/li>\n<li>Actualiza saberes ling\u00fc\u00edsticos, literarios, pedag\u00f3gicos, did\u00e1cticos, sociol\u00f3gicos y antropol\u00f3gicos en funci\u00f3n de los procesos de ense\u00f1anza-aprendizaje de la lengua y la literatura.<\/li>\n<li>Domina los saberes de teor\u00edas y an\u00e1lisis ling\u00fc\u00edsticos y literarios.\u00a0\u00a0<\/li>\n<li>Elabora propuestas curriculares, a partir de la macro y microplanificaci\u00f3n, con perspectiva interdisciplinaria y cr\u00edtica.<\/li>\n<li>Dise\u00f1a m\u00e9todos innovadores de ense\u00f1anza-aprendizaje de la lengua y de la literatura.<\/li>\n<li>Forma al profesorado en los \u00e1mbitos de la lengua y la literatura.<\/li>\n<li>Realiza programas educativos dentro de un plan previamente elaborado y se preocupa por la realizaci\u00f3n de metas y la obtenci\u00f3n de productos.<\/li>\n<li>Detecta incongruencias en los planes y programas de lengua y literatura y propone soluciones.<\/li>\n<li>Construye pruebas de diagn\u00f3stico y modelos de evaluaci\u00f3n de la ense\u00f1anza-aprendizaje de la lengua y la literatura.<\/li>\n<li>Elabora textos acad\u00e9micos con un ejemplar dominio de la lengua materna.<\/li>\n<li>Participa en cuerpos acad\u00e9micos de investigaci\u00f3n\/profesionalizaci\u00f3n, grupos disciplinares y en actividades de gesti\u00f3n acad\u00e9mica individual o colectiva derivado de su aptitud para desenvolverse en el trabajo colegiado.<\/li>\n<li>Participa en publicaciones individuales y colectivas, congresos, di\u00e1logos y ensayos donde demuestre dominio de m\u00e9todos y contenidos actuales del estudio sobre la lengua y la literatura.<\/li>\n<li>Realiza investigaci\u00f3n en torno a los procesos de adquisici\u00f3n y aprendizaje de la lengua y la literatura, el curr\u00edculum, los m\u00e9todos y las estrategias y formas de evaluaci\u00f3n.<\/li>\n<li>Propone estrategias que contribuyen a solucionar problemas en el \u00e1mbito social y educativo de las disciplinas que se abordan.<\/li>\n<\/ol>\n<\/li>\n<\/ol>\n<p><!-- \/wp:list --><\/p>\t\t\t\t\t\t<\/div>\n\t\t\t\t<\/div>\n\t\t\t\t\t<\/div>\n\t\t<\/div>\n\t\t\t\t\t<\/div>\n\t\t<\/section>\n\t\t\t\t<\/div>\n\t\t","protected":false},"excerpt":{"rendered":"<p>El egresado de la Maestr\u00eda en Competencia Ling\u00fc\u00edstica y Literaria desarrolla las siguientes competencias: Aborda la ense\u00f1anza-aprendizaje de la lengua y la literatura desde el pensamiento complejo y multidimensional. Actualiza saberes ling\u00fc\u00edsticos, literarios, pedag\u00f3gicos, did\u00e1cticos, sociol\u00f3gicos y antropol\u00f3gicos en funci\u00f3n de los procesos de ense\u00f1anza-aprendizaje de la lengua y la literatura. Domina los saberes de &hellip; <\/p>\n<div class=\"link-more\"><a href=\"https:\/\/posgradolingylit.uaz.edu.mx\/?page_id=272\" class=\"more-link\">Read More<span class=\"screen-reader-text\"> &#8220;Perfil de Egreso&#8221;<\/span><\/a><\/div>\n","protected":false},"author":2,"featured_media":0,"parent":0,"menu_order":0,"comment_status":"closed","ping_status":"closed","template":"","meta":{"footnotes":""},"class_list":["post-272","page","type-page","status-publish","hentry"],"_links":{"self":[{"href":"https:\/\/posgradolingylit.uaz.edu.mx\/index.php?rest_route=\/wp\/v2\/pages\/272","targetHints":{"allow":["GET"]}}],"collection":[{"href":"https:\/\/posgradolingylit.uaz.edu.mx\/index.php?rest_route=\/wp\/v2\/pages"}],"about":[{"href":"https:\/\/posgradolingylit.uaz.edu.mx\/index.php?rest_route=\/wp\/v2\/types\/page"}],"author":[{"embeddable":true,"href":"https:\/\/posgradolingylit.uaz.edu.mx\/index.php?rest_route=\/wp\/v2\/users\/2"}],"replies":[{"embeddable":true,"href":"https:\/\/posgradolingylit.uaz.edu.mx\/index.php?rest_route=%2Fwp%2Fv2%2Fcomments&post=272"}],"version-history":[{"count":31,"href":"https:\/\/posgradolingylit.uaz.edu.mx\/index.php?rest_route=\/wp\/v2\/pages\/272\/revisions"}],"predecessor-version":[{"id":1253,"href":"https:\/\/posgradolingylit.uaz.edu.mx\/index.php?rest_route=\/wp\/v2\/pages\/272\/revisions\/1253"}],"wp:attachment":[{"href":"https:\/\/posgradolingylit.uaz.edu.mx\/index.php?rest_route=%2Fwp%2Fv2%2Fmedia&parent=272"}],"curies":[{"name":"wp","href":"https:\/\/api.w.org\/{rel}","templated":true}]}}