{"id":282,"date":"2021-03-25T19:45:16","date_gmt":"2021-03-25T19:45:16","guid":{"rendered":"https:\/\/posgradolingylit.uaz.edu.mx\/?page_id=282"},"modified":"2023-02-15T14:44:34","modified_gmt":"2023-02-15T14:44:34","slug":"generacion-2019-2021","status":"publish","type":"page","link":"https:\/\/posgradolingylit.uaz.edu.mx\/?page_id=282","title":{"rendered":"Generaci\u00f3n 2019-2021"},"content":{"rendered":"\n<p class=\"has-text-align-center\"><strong><span style=\"color:#c39f49\" class=\"has-inline-color\">Primera generaci\u00f3n 2019-2021<\/span><\/strong><\/p>\n\n\n\n<div class=\"_df_book df-lite\" id=\"df_1040\"  _slug=\"alumnos-2019-2021\" data-title=\"alumnos-2019-2021\" wpoptions=\"true\" thumbtype=\"\" ><\/div><script class=\"df-shortcode-script\" type=\"application\/javascript\">window.option_df_1040 = {\"outline\":[],\"autoEnableOutline\":\"false\",\"autoEnableThumbnail\":\"false\",\"overwritePDFOutline\":\"false\",\"direction\":\"1\",\"pageSize\":\"0\",\"pageMode\":\"1\",\"source\":\"http:\\\/\\\/posgradolingylit.uaz.edu.mx\\\/wp-content\\\/uploads\\\/2021\\\/05\\\/alumnos-2019-2021.pdf\",\"wpOptions\":\"true\"}; if(window.DFLIP && window.DFLIP.parseBooks){window.DFLIP.parseBooks();}<\/script>\n\n\n\n<p><\/p>\n\n\n\n<p><\/p>\n\n\n\n<p><\/p>\n\n\n\n<p><\/p>\n\n\n\n<p><mark style=\"background-color:rgba(0, 0, 0, 0);color:#c39f49\" class=\"has-inline-color\">Presentaci\u00f3n de avances de trabajo de titulaci\u00f3n<\/mark><\/p>\n\n\n\n<p><\/p>\n\n\n\n<div class=\"_df_thumb \" id=\"df_1344\"  _slug=\"presentacion-de-avances\" data-title=\"presentacion-de-avances\" wpoptions=\"true\" thumbtype=\"\" >Presentaci\u00f3n de avances<\/div><script class=\"df-shortcode-script\" type=\"application\/javascript\">window.option_df_1344 = {\"outline\":[],\"autoEnableOutline\":\"false\",\"autoEnableThumbnail\":\"false\",\"overwritePDFOutline\":\"false\",\"direction\":\"1\",\"pageSize\":\"0\",\"source\":\"http:\\\/\\\/posgradolingylit.uaz.edu.mx\\\/wp-content\\\/uploads\\\/2021\\\/07\\\/Presentacion-de-avances.pdf\",\"wpOptions\":\"true\"}; if(window.DFLIP && window.DFLIP.parseBooks){window.DFLIP.parseBooks();}<\/script>\n","protected":false},"excerpt":{"rendered":"<p>Primera generaci\u00f3n 2019-2021 Presentaci\u00f3n de avances de trabajo de titulaci\u00f3n<\/p>\n","protected":false},"author":2,"featured_media":0,"parent":0,"menu_order":0,"comment_status":"closed","ping_status":"closed","template":"","meta":{"footnotes":""},"class_list":["post-282","page","type-page","status-publish","hentry"],"_links":{"self":[{"href":"https:\/\/posgradolingylit.uaz.edu.mx\/index.php?rest_route=\/wp\/v2\/pages\/282","targetHints":{"allow":["GET"]}}],"collection":[{"href":"https:\/\/posgradolingylit.uaz.edu.mx\/index.php?rest_route=\/wp\/v2\/pages"}],"about":[{"href":"https:\/\/posgradolingylit.uaz.edu.mx\/index.php?rest_route=\/wp\/v2\/types\/page"}],"author":[{"embeddable":true,"href":"https:\/\/posgradolingylit.uaz.edu.mx\/index.php?rest_route=\/wp\/v2\/users\/2"}],"replies":[{"embeddable":true,"href":"https:\/\/posgradolingylit.uaz.edu.mx\/index.php?rest_route=%2Fwp%2Fv2%2Fcomments&post=282"}],"version-history":[{"count":10,"href":"https:\/\/posgradolingylit.uaz.edu.mx\/index.php?rest_route=\/wp\/v2\/pages\/282\/revisions"}],"predecessor-version":[{"id":1637,"href":"https:\/\/posgradolingylit.uaz.edu.mx\/index.php?rest_route=\/wp\/v2\/pages\/282\/revisions\/1637"}],"wp:attachment":[{"href":"https:\/\/posgradolingylit.uaz.edu.mx\/index.php?rest_route=%2Fwp%2Fv2%2Fmedia&parent=282"}],"curies":[{"name":"wp","href":"https:\/\/api.w.org\/{rel}","templated":true}]}}