{"id":284,"date":"2021-03-25T19:45:40","date_gmt":"2021-03-25T19:45:40","guid":{"rendered":"https:\/\/posgradolingylit.uaz.edu.mx\/?page_id=284"},"modified":"2022-05-11T23:51:25","modified_gmt":"2022-05-11T23:51:25","slug":"generacion-2020-2022","status":"publish","type":"page","link":"https:\/\/posgradolingylit.uaz.edu.mx\/?page_id=284","title":{"rendered":"Generaci\u00f3n 2020-2022"},"content":{"rendered":"\n<p class=\"has-text-align-center\"><strong><span style=\"color:#c39f49\" class=\"has-inline-color\">Segunda generaci\u00f3n 2020-2022<\/span><\/strong><\/p>\n\n\n\n<div class=\"_df_book df-lite\" id=\"df_1045\"  _slug=\"alumnos-2020-2022\" data-title=\"alumnos-2020-2022\" wpoptions=\"true\" thumbtype=\"\" ><\/div><script class=\"df-shortcode-script\" type=\"application\/javascript\">window.option_df_1045 = {\"outline\":[],\"autoEnableOutline\":\"false\",\"autoEnableThumbnail\":\"false\",\"overwritePDFOutline\":\"false\",\"direction\":\"1\",\"pageSize\":\"0\",\"source\":\"http:\\\/\\\/posgradolingylit.uaz.edu.mx\\\/wp-content\\\/uploads\\\/2021\\\/05\\\/alumnos-2020-2022.pdf\",\"wpOptions\":\"true\"}; if(window.DFLIP && window.DFLIP.parseBooks){window.DFLIP.parseBooks();}<\/script>\n\n\n\n<p><\/p>\n\n\n\n<p><\/p>\n\n\n\n<p><br><br><\/p>\n\n\n\n<p><mark style=\"background-color:rgba(0, 0, 0, 0);color:#c39f49\" class=\"has-inline-color\">Presentaci\u00f3n de avances de trabajo de titulaci\u00f3n<\/mark><\/p>\n\n\n\n<div class=\"_df_thumb \" id=\"df_1474\"  _slug=\"calendario-de-presentacion-de-proyecto-2022\" data-title=\"calendario-de-presentacion-de-proyecto-2022\" wpoptions=\"true\" thumb=\"http:\/\/posgradolingylit.uaz.edu.mx\/wp-content\/uploads\/2022\/05\/Captura-de-Pantalla-2022-05-11-a-las-18.41.09.png\" thumbtype=\"\" >Calendario de presentaci\u00f3n de proyecto 2022<\/div><script class=\"df-shortcode-script\" type=\"application\/javascript\">window.option_df_1474 = {\"outline\":[],\"autoEnableOutline\":\"false\",\"autoEnableThumbnail\":\"false\",\"overwritePDFOutline\":\"false\",\"backgroundImage\":\"http:\\\/\\\/posgradolingylit.uaz.edu.mx\\\/wp-content\\\/uploads\\\/2021\\\/03\\\/White-Background-High-Definition-Wallpaper-16573.jpeg\",\"direction\":\"1\",\"pageSize\":\"0\",\"source\":\"http:\\\/\\\/posgradolingylit.uaz.edu.mx\\\/wp-content\\\/uploads\\\/2022\\\/05\\\/Cronograma-presentacio\\u0301n-2G.pdf\",\"wpOptions\":\"true\"}; if(window.DFLIP && window.DFLIP.parseBooks){window.DFLIP.parseBooks();}<\/script>\n","protected":false},"excerpt":{"rendered":"<p>Segunda generaci\u00f3n 2020-2022 Presentaci\u00f3n de avances de trabajo de titulaci\u00f3n<\/p>\n","protected":false},"author":2,"featured_media":0,"parent":0,"menu_order":0,"comment_status":"closed","ping_status":"closed","template":"","meta":{"footnotes":""},"class_list":["post-284","page","type-page","status-publish","hentry"],"_links":{"self":[{"href":"https:\/\/posgradolingylit.uaz.edu.mx\/index.php?rest_route=\/wp\/v2\/pages\/284","targetHints":{"allow":["GET"]}}],"collection":[{"href":"https:\/\/posgradolingylit.uaz.edu.mx\/index.php?rest_route=\/wp\/v2\/pages"}],"about":[{"href":"https:\/\/posgradolingylit.uaz.edu.mx\/index.php?rest_route=\/wp\/v2\/types\/page"}],"author":[{"embeddable":true,"href":"https:\/\/posgradolingylit.uaz.edu.mx\/index.php?rest_route=\/wp\/v2\/users\/2"}],"replies":[{"embeddable":true,"href":"https:\/\/posgradolingylit.uaz.edu.mx\/index.php?rest_route=%2Fwp%2Fv2%2Fcomments&post=284"}],"version-history":[{"count":11,"href":"https:\/\/posgradolingylit.uaz.edu.mx\/index.php?rest_route=\/wp\/v2\/pages\/284\/revisions"}],"predecessor-version":[{"id":1484,"href":"https:\/\/posgradolingylit.uaz.edu.mx\/index.php?rest_route=\/wp\/v2\/pages\/284\/revisions\/1484"}],"wp:attachment":[{"href":"https:\/\/posgradolingylit.uaz.edu.mx\/index.php?rest_route=%2Fwp%2Fv2%2Fmedia&parent=284"}],"curies":[{"name":"wp","href":"https:\/\/api.w.org\/{rel}","templated":true}]}}